2 - 4*i + 2. Let k(d) = -5*c(d) + 3*m(d). Determine k(q).
-3
Let o(p) = p - 2. Let b be o(5). Let h(y) = -1 - 2*y + 0*y + b*y - 4. Determine h(0).
-5
Let s(p) = p**3 + p - 10. Suppose 0*t - 12 = 3*t - 4*o, 0 = 4*t + 2*o - 6. What is s(t)?
-10
Suppose 0 = 4*z - 4, 0*x - 4*z = x. Let b(r) = r**2 - r**2 + r**2 - 2 + 5 + 6*r. Determine b(x).
-5
Suppose 12*o - 6*o - 6 = 0. Let v(b) be the first derivative of -6*b + 1/4*b**4 + o - 7/3*b**3 + 3*b**2. Calculate v(6).
-6
Let q(d) = -4*d**2. Let g be q(1). Let z be 3/12 + 13/g. Let a(u) = 2*u**3 + u**2 + 2*u + 2. Let o(h) = -h**3 - h**2 - 1. Let l(y) = a(y) + 3*o(y). Give l(z).
2
Let b be 6/(-2) - 25/(-5). Let z(s) = -s**3 + 2*s**2 + s - 1. Give z(b).
1
Let q = 5 + -3. Suppose i - 4 = 5*u, 5*u - q*u - 5*i - 2 = 0. Let l(o) = 9*o**2 + o. Calculate l(u).
8
Let u = -10 - -7. Let q(o) = 30*o**2 - 2*o - 15*o**2 - 2*o - 16*o**2 - 2. Give q(u).
1
Let t(j) = 17*j**2 + 2*j - 1. Let u(c) = 2*c + 3. Let b be u(-1). Give t(b).
18
Let b(g) be the first derivative of -1/4*g**4 + 4 + g**3 - 4*g + 0*g**2. Determine b(3).
-4
Let d(y) = -3*y + 3*y**2 - 2 + 7*y**3 - 3*y**3 - 5*y**3. What is d(3)?
-11
Let c(x) = -5*x**2 + x. Let p be c(-1). Let q = 10 + p. Suppose 0 = -a + q*o - 3, 5*o = -3*a - 0*o + 25. Let y(g) = 2*g - 4. Calculate y(a).
6
Let l = 28 + -28. Let y(m) = -m**3 - m**2 + m + 9. Give y(l).
9
Let l(d) be the first derivative of 4*d**3/3 + d**2/2 + 26. Give l(1).
5
Let o be (-21)/(-7) - (1 + -3). Suppose -o*h = -g - 11, -4*g - 3 = 4*h - 31. Let r(t) = -t**3 + 2*t**2 - t + 4. Determine r(h).
-8
Let k be ((-6)/5)/((-4)/10). Let v(m) = -6 - k*m + 0*m + 6*m. Give v(4).
6
Let r(y) = 8 - y + 0 - 1. Let d(p) = p**3 + 6*p**2 + 2*p + 7. Let n be d(-6). Let i = n - -10. What is r(i)?
2
Let d(o) be the first derivative of o**5/20 + 5*o**4/12 + 2*o**3/3 + 2*o + 1. Let h(i) be the first derivative of d(i). Let f be (8 - 7)*3/(-1). Give h(f).
6
Let f(n) = -n**2 + 3*n - 3. Let i be (1 - 6)*(-36)/45. Suppose i*j - 2*j - 2 = 0. Suppose 2*q - 7 - j = 0. What is f(q)?
-7
Let w(o) = -o**3 - 3*o**2 + 4*o - 3. Let r be w(-4). Let a(u) = u - 2. Give a(r).
-5
Let l(b) = -b**3 + 2*b + 3. Let j(x) = -x - 12. Let f be j(-10). Determine l(f).
7
Let g be (36/15)/((-2)/(-5)). Let d(c) = 7*c**2 + 8*c + 1. Let z(a) = -20*a**2 - 23*a - 3. Let j(p) = g*z(p) + 17*d(p). Calculate j(-1).
0
Let j(x) = 1 + 3 + 6*x + 2 - 3. What is j(5)?
33
Let n(t) = 3*t**2 + 2*t - 4. Let d(j) be the second derivative of 7*j**4/12 + j**3/2 - 4*j**2 + 2*j. Let w(r) = -4*d(r) + 9*n(r). Determine w(5).
1
Let t be 12*1/2 + -2. Suppose t = -u + 7. Let h(m) = -m**2 + 3*m + 3. Determine h(u).
3
Let d(z) = 2*z + 2. Let r be 4*(-3 + 17/4). Let j(f) = -5*f**2 + f**2 + 8*f + 3*f**2 + r. Let i be j(9). What is d(i)?
-6
Let h(u) be the second derivative of 11*u**4/12 - u**3/6 + 3*u**2/2 - 3*u. Let r(y) = -12*y**2 + y - 4. Let w(t) = 4*h(t) + 3*r(t). Give w(1).
7
Let y(q) = -q**3 - 6*q**2 + 5*q + 7. Let h be (2/(-3))/(-10*8/(-840)). Determine y(h).
21
Suppose 88*l - 83*l = 60. Let b(r) = -2*r + 17. Calculate b(l).
-7
Let n(p) = -p. Let v(f) = -f**3 - 7*f**2 + 8*f + 8. Let b be v(-8). Let k be 9/4 - 2/b. Suppose 5*g = 2*u + 27, 4*g + k*u - 21 = 3*u. What is n(g)?
-5
Let k(j) = 5*j**2 + 5*j + 1. Let s(b) = 14*b**2 + 15*b + 3. Let z(r) = -17*k(r) + 6*s(r). Give z(4).
5
Suppose -5*x = 4 - 34. Let t = x + -1. Let m(a) = a + 2. Calculate m(t).
7
Let q be (1 + (-52)/48)*-1. Let m(s) be the second derivative of s + 2/3*s**3 + 0 - q*s**4 - 3*s**2. What is m(4)?
-6
Let p be (-35 + 2)*(-1)/(-3). Let m = -8 - p. Let i(w) = 2*w + 1. Determine i(m).
7
Let j(b) be the first derivative of -5*b**2/2 + b - 5. Give j(-1).
6
Let j be ((-26)/(-4))/((-3)/(-12)). Suppose -5 = -l, 3*y + 4*l = y + j. Let q = -2 - y. Let b(z) = z**2 + 5*z. What is b(q)?
0
Let w(d) = -3*d**3 + 5*d**2 + 13*d - 5. Let o(m) = -m**3 + 3*m**2 + 6*m - 2. Let u(n) = 5*o(n) - 2*w(n). Let z be u(-3). Let f(r) = -r + 1. Give f(z).
-5
Let p(y) be the third derivative of y**6/60 - y**5/60 - y**4/12 + y**3/3 + y**2. Let g be (13/39)/(2/6). Suppose 5*v + 8 = -s, -2*v - 3 + g = s. Determine p(s).
10
Let x(o) be the second derivative of o**3/6 + 9*o**2/2 + 12*o. Calculate x(-7).
2
Let f(j) = -5*j**3 + j**2 + 2*j - 3. Let p(x) = 14*x**3 - 3*x**2 - 6*x + 8. Let v(l) = -17*f(l) - 6*p(l). Give v(-2).
-5
Let l = 8 - 3. Suppose 0 = -3*k - 5*b + l, 14 = 5*k - 5*b - 61. Suppose -5*d - k = -5*c, -6*d - 8 = -d - 4*c. Let f(u) = u**2 - u - 5. Determine f(d).
-5
Suppose -5*n - 4*j = -5, 2*n + 3*n = -2*j + 5. Let r(k) = n - 3*k + 3 - 4 - 4. Give r(3).
-13
Let h(d) be the first derivative of 1/12*d**4 + 1/2*d**2 + 1/6*d**3 + d - 1. Let c(i) be the first derivative of h(i). Determine c(2).
7
Let d(o) = -98*o + 5*o**2 + 9 - 2*o**2 - 4*o**2 + 92*o. Determine d(-8).
-7
Let t(y) = 4*y**2 - 3*y. Let n(m) = -m**2 + m. Let c(d) = -8*n(d) - 3*t(d). Let v = 5 - 5. Suppose 3*h - 3 = -v. Calculate c(h).
-3
Let v(f) = -f + 1. Let b(u) = -u - 4. Let n(w) = b(w) + v(w). Calculate n(-4).
5
Let m(v) = -7*v**3 + v**2 - v + 1. Suppose -a + f = -4*a + 8, 3*a - 16 = f. Let w be -3 - -7 - (a - 1). What is m(w)?
-6
Suppose 3*q - 4*w = 11, -q + 6*q = 4*w + 13. Let o(h) = 11*h - 1. What is o(q)?
10
Let x be 0*(-1)/(-1) - -2. Let m(u) = -1 - 2 + 0*u + 2*u**x - 3*u. Let w be (-4 + 3)/((-1)/3). Determine m(w).
6
Let c(h) = h**3 + 12*h**2 - 4*h + 3. Let b(o) = -2*o**3 - 25*o**2 + 9*o - 5. Let q(z) = -6*b(z) - 13*c(z). Calculate q(-6).
3
Suppose 18*v = 26*v. Let r(l) = l**2 - l - 1. Let s(z) = -7*z**2 + 7*z + 14. Let y(i) = -6*r(i) - s(i). Give y(v).
-8
Let g(u) be the first derivative of u**4/4 + 5*u**3/3 - 6*u - 7. What is g(-5)?
-6
Let x(o) = -o**2 + o + 1. Let y be 214/10 + (-4)/10. Let p = y - 21. Give x(p).
1
Let s(p) = p + 0*p - 3 + 0 - 8*p**2 + 2. Determine s(1).
-8
Suppose -4*k - 5*s + 5 = -5, -2*s = 4*k - 4. Suppose k = -a - 0*a - 5. Let c(z) be the first derivative of z**3/3 + 5*z**2/2 - 3*z - 1. What is c(a)?
-3
Let b(o) = o**3 - 4*o**2 + o. Let d(x) = -x - 1. Let w = -11 + 6. Let f be d(w). Suppose -t - 12 = -2*h - f*t, 5*h - 5*t - 5 = 0. What is b(h)?
-6
Let c(o) = -17 - o**3 - 25 + 5*o**2 + 36 + 6*o + 0*o. Determine c(6).
-6
Let w(a) be the third derivative of -a**8/20160 - a**7/630 + a**6/720 - a**5/60 + 6*a**2. Let v(k) be the third derivative of w(k). Calculate v(-6).
13
Let u(s) = -1 + 3*s - 3 - 1 + s. Determine u(7).
23
Suppose -4*z + 6 + 0 = 2*v, -2*z = 3*v + 3. Let j(k) = -2*k - 4. What is j(v)?
2
Suppose 5 = -5*q - 4*w - 0, -2*q - 2*w = 2. Let y(l) be the second derivative of -2/3*l**4 - 1/6*l**3 - 1/2*l**2 + 3*l + 0. Calculate y(q).
-8
Let g be 11/(-11) - 6/(-1). Let b(w) = w**2 - 8*w + 7. Let o(r) = -r + 1. Let v(f) = -b(f) + 3*o(f). Let m be v(g). Let u(k) = -k**2 - 5*k - 3. Give u(m).
1
Let i(b) = -b**3 + 6*b**2 - 7. Suppose 2*q = -2*q. Suppose k - 6 = -q*k. Give i(k).
-7
Let r(x) = 7*x - 2. Let d(p) = p**3 - 7*p**2 + 4*p + 14. Let a be d(6). What is r(a)?
12
Let t(b) = 5*b - 2. Let m(f) = -4*f + 2. Let z(s) = -4*m(s) - 3*t(s). What is z(-3)?
-5
Let c(a) = -2 + 4*a + 2*a - 3*a. Let f be 36/24*(-2 - 0). Let j be 0 - (3 + -4 + f). Calculate c(j).
10
Let h(v) = -v**3 - 2*v - 1. Let k be h(-1). Let j(s) be the first derivative of 4/3*s**3 + 2 + k*s + 0*s**2 + 1/4*s**4. Determine j(-4).
2
Let b(q) = -q - 1 - 6 + q - q. Calculate b(-6).
-1
Suppose z - 4*y = -16, -3*z - 7*y + 2*y + 37 = 0. Let m(i) = i**2 - 2*i + 2. Determine m(z).
10
Let s(g) = -g**3 - 3*g**2 - 4*g - 3. Let f be (3 - -2 - 1) + -6. Determine s(f).
1
Let t(z) be the first derivative of z**2/2 + 2*z - 5. Let x = 3 + -5. Give t(x).
0
Let m be 3*(-4)/(-24)*10. Let h(w) = -w**2 + 5*w + 5. Give h(m).
5
Let o(i) be the second derivative of -1/2*i**2 + 1/6*i**3 + 2*i + 1/12*i**4 + 0. What is o(2)?
5
Suppose 48 = 5*p - r, 3*p - 4*r = 1 + 38. Let j be (0 + -2)/((-6)/p). Let x(f) = -4 + 3*f + 2*f + f - f**2. Determine x(j).
5
Let p(f) = 6*f**2 - 3*f - 5. Let c(i) = 7*i**2 - 4*i - 6. Let x(z) = 5*c(z) - 6*p(z). Let n(k) = -k**3 - 3*k**2 + 4*k - 3. Let t be n(-4). Determine x(t).
-3
Let g(n) be the third derivative of 11*n**4/24 - n**3/6 + 2*n**2. Give g(1).
10
Let a(t) = t**3 + 1 - 6*t - 7*t**2 + 11*t - 3. Let d be -2 - -4 - 1 - -5. Determine a(d).
-8
Let c(j) be the third derivative of -j**6/120 - 2*j*